+ 646, 0*z = h*j + z - 1072. Is j a prime number?
False
Let o(v) = -v**2 - 4*v - 3. Let m be o(-3). Let g(i) = -i**2 + 2*i + 3. Let r be g(m). Suppose r*q = -4*a + 941, 4*q - 1268 = 2*a - 4*a. Is q a prime number?
False
Suppose -f - 2178 = 10*f. Is (1 + (0 - 0))/((-6)/f) a prime number?
False
Let z = 3488 - 7937. Let p = -3050 - z. Is p prime?
True
Let c(m) = -156*m**3 - 2*m**2 - 2*m. Let v be c(-1). Suppose 4*f - 2520 = 2*i, 5*f - 5*i = v + 2989. Is f a composite number?
False
Let t = 18 - -119. Let p = 280 - t. Is p composite?
True
Suppose 20 = -5*a - 50. Let x = a - -12. Let g(v) = 29*v**2 - v + 1. Is g(x) a prime number?
False
Let y(a) = 8*a - 8. Let q be y(3). Let b(l) = l**3 - 8*l**2 - 37*l - 33. Is b(q) composite?
False
Let o = 187 + 1992. Is o prime?
True
Let u(j) = j**2 + j - 22. Let p(f) = -f**3 + 5*f**2 - 4*f. Let t be p(4). Let r be u(t). Let x = r + 36. Is x composite?
True
Let y be 12/15*745/2. Suppose 2*w - 1398 = y. Suppose 2*h + 5*x - 271 - 171 = 0, w = 4*h + x. Is h composite?
False
Suppose -195 = -g - 5*f, -2*f - 931 = -5*g - 5*f. Is g prime?
False
Let b be 2/(-4) - 4/(-8). Suppose 3*x + 2256 = -b*x. Let w = -465 - x. Is w prime?
False
Let s(b) = -2*b**3 + 6*b**2 - 14*b + 5. Let l be s(-12). Suppose -l - 9880 = -9*k. Is k a composite number?
False
Let a = 2854 + -1787. Suppose a = 5*d + 3*y, -4*d + 889 - 33 = 3*y. Suppose -2*z - d = -3*z. Is z prime?
True
Suppose -3225 = 6*j - 19899. Is j composite?
True
Suppose -2*s = -4*s + 18. Suppose 2*f - 3*i - 21 = 0, -i - 19 = -3*f + 16. Let n = f - s. Is n composite?
False
Suppose 10654 = -12*m + 87130. Is m a composite number?
False
Let j(a) be the first derivative of 167*a**2/2 + 3*a + 9. Is j(2) composite?
False
Let o(t) = t**2 + 13*t - 19. Is o(22) a prime number?
True
Is (-38)/(-4)*(2 - -296) composite?
True
Let t = -250 - -981. Is t a prime number?
False
Suppose -18*a = -12*a - 4890. Is a prime?
False
Is (-19797)/(-6)*(17 - 15) composite?
False
Suppose -454144 = -0*v - 4*v + 4*b, 0 = -3*b + 3. Is v a composite number?
False
Is 10/20 - (-63460)/8 a prime number?
True
Let x = -51 + 51. Suppose x = 3*r - 1 - 11, -3*d + 2325 = 3*r. Is d a prime number?
False
Suppose 15735 = 13*f - 30532. Is f prime?
True
Suppose 5*m = c - 112, 100 = 2*m - 7*m + 5*c. Let u = m - -56. Is u a composite number?
True
Let m(w) = -w**3 + 14*w**2 - 4*w + 4. Suppose -3*x + d - 19 = x, 0 = 3*x - 5*d - 7. Let y(o) = -o**2 - 9*o - 7. Let q be y(x). Is m(q) a composite number?
True
Suppose 10499 - 75029 = -6*k. Suppose 2*x = 5*h - k, -2144 = -2*h - 3*x + 2177. Is h a composite number?
False
Let m = 12 + -11. Let z = m + 1. Suppose 0 = z*h + 3*h - 425. Is h composite?
True
Suppose 0*v + 2733 = v + 4*n, 3*v + 3*n = 8172. Is v a composite number?
True
Suppose 3*c = 5*n + 4, 5*c - 6 - 26 = 2*n. Suppose c*v + 844 = 12*v. Is v composite?
False
Suppose 2*n + 0*p = 3*p + 2075, -4*n = 3*p - 4195. Suppose v - 6*v = -n. Is v a composite number?
True
Let f = -16 + 16. Suppose -2*r + 108 + 202 = f. Is r prime?
False
Suppose 3*b + 9 = 3*f, -15 = -3*f - b + 2. Suppose -f*j + 3*j + 1208 = 0. Let v = -285 + j. Is v a composite number?
True
Suppose s = -4*q + 38739, -5*q - 4*s - s = -48435. Suppose -q = -19*n + 7*n. Is n prime?
False
Let c be (4 + -17)/(0 - 1). Let y = 56 - c. Is y a composite number?
False
Let p be (1 - 3)/1 - 6. Let l = p - -8. Suppose -y + 4*g = -99, -2*g = 5*y - l*g - 605. Is y a prime number?
False
Let i be (-2)/3*(-3)/(-2). Let x = 4 + i. Is ((-2)/(-2))/(x/237) a composite number?
False
Let z be (-4 + (1 - -3))*(-1)/2. Is -1 - (-381 - (z + -1)) prime?
True
Let b(y) = 493*y - 11. Is b(4) prime?
False
Let h(o) = -4*o + 2. Let y be 4 + -3*(-26)/(-6). Is h(y) composite?
True
Let u(j) = -j**2 + 6*j. Let w be u(5). Suppose -o = -w*o - 40. Is ((-402)/o)/((-3)/(-15)) a prime number?
False
Suppose 0 = 4*h + 14873 - 50661. Is h a composite number?
True
Let u(q) = q**3 + 7*q**2 - 2*q + 7. Let y be u(-8). Let b = y - -98. Suppose -3*l + b = -6. Is l prime?
False
Let h be (-25564)/(-6) - (-2)/(-3). Suppose -11*m - m = -h. Is m prime?
False
Let o(d) = 29*d**3 - 2*d**2 + 5*d - 9. Let p be o(6). Is p - (0 - 8/(-2)) a prime number?
False
Is 0 + 61167 - -2*(5 + -4) prime?
True
Let p be (4/(-5))/(6/(-30)). Suppose -446 = -p*l + 98. Suppose d - l = -3*d. Is d composite?
True
Let v(p) be the first derivative of 7*p**2/2 + 2*p - 102. Suppose 3*t + 2*c = 7*c + 34, 2*c = -5*t + 5. Is v(t) a composite number?
False
Let p(z) = -937*z - 1. Let x = -7 - -6. Let n be p(x). Suppose -b + 275 + n = 0. Is b prime?
False
Suppose l - 5 = n + n, -n - 15 = -3*l. Suppose 18 = -55*g + 52*g. Is (n - 2) + (-510)/g prime?
True
Suppose -92929 = -11*o + 283612. Is o a composite number?
False
Suppose 4*t = 4*l - 36108, 41*l = 36*l - 2*t + 45149. Is l a prime number?
True
Is -19619*(-15 - -8)*1/7 composite?
True
Is 10 + -8 + 12500 - 5 prime?
True
Let r be (0 - 21)*1950/(-91). Suppose -4*p + 602 = -2*s, -s + r = 3*p - 2*s. Is p a prime number?
True
Let p(w) be the first derivative of -24*w**2 + w + 2. Suppose -a - 2*q - 9 = 0, -q - 10 + 5 = a. Is p(a) a composite number?
True
Let v = -110 + -100. Let w = v + 435. Suppose o - w = -76. Is o prime?
True
Let c(p) = 1 + 2*p**2 - 114*p**3 + 4 + 2*p - 4. Suppose -b = -4*y - 9, -3*y + 0*y = -3*b + 18. Is c(y) a prime number?
False
Suppose m = 587 + 423. Let f = -319 + m. Is f a prime number?
True
Let a be (-1 + 1)*(-6)/18. Suppose x - 734 = 3*d, a*d - 4*d = 4*x - 2888. Suppose 0 = -30*f + 25*f + x. Is f composite?
True
Suppose -z - 2*m = -2*z + 11669, 5*z - 3*m = 58373. Is z prime?
True
Suppose 596*j = 590*j + 155922. Is j a prime number?
False
Let i(w) = w**3 + 3*w**2 - 12*w - 2. Let r be i(-5). Let d(y) = 12*y**2 - 11*y + 21. Is d(r) prime?
True
Let k(g) be the second derivative of -g**4/12 + 11*g**3/6 - 5*g**2 + 6*g. Let o be k(10). Suppose 2 = v + 5*r - 8, o = 2*r + 6. Is v prime?
False
Let v(s) = 3*s**2 - 8*s + 5. Let q(j) = -7*j**2 + 17*j - 11. Let o(a) = 4*q(a) + 9*v(a). Let y be o(-3). Suppose 0 = y*m - 528 - 180. Is m composite?
True
Let t(g) = 493*g + 49. Is t(18) composite?
False
Let n = 8 + -6. Is (-10522)/(-4) - n*(-2)/8 composite?
True
Let q = -11 + 17. Suppose -4*z = -q*z. Suppose 3*x = -3*r + 60, 3*r + 2*r - 4*x - 109 = z. Is r a composite number?
True
Let z(g) = g - 8. Suppose 2*i = 6, 5*m - i + 107 = -6. Let t = -11 - m. Is z(t) composite?
False
Suppose h = 4*g - h - 3422, 2*g + 3*h - 1707 = 0. Suppose 5*f = 3*a - 1576, 8 = f + f. Let k = g - a. Is k a composite number?
True
Suppose 4*v - 2748 = 1484. Suppose 0 = -s + v + 341. Is s a prime number?
True
Suppose 3*x + 0*x = -3234. Let g = x + 1997. Is g prime?
True
Is 451845/195 - 6/39 prime?
False
Let g(v) = 23*v**2 + 14*v - 1. Let h be 2 - (-3)/((-6)/(-116)). Let n be (-12)/(-15)*h/(-8). Is g(n) a prime number?
True
Let x(s) = 2*s + 10. Let a be x(-7). Is 2/a*(-446)/1 prime?
True
Suppose 5*d + 15 = 2*d. Let l be -1 - d - (6 + -4). Suppose -4*x = -l*p + 32 + 106, -393 = -5*p - 2*x. Is p composite?
True
Let x(r) = 314*r + 63. Is x(4) prime?
True
Suppose 2*m + 3*m + 5*d = 15, m = -5*d + 3. Suppose 0 = 2*f + 6*r - 2*r + 4, m*f - 5*r = 5. Suppose -i - i + 174 = f. Is i a prime number?
False
Let s(u) = 821*u**2 - 3*u + 15. Is s(2) prime?
False
Suppose -3*g + 4*d - 18 = 21, 3*g + 39 = 2*d. Let q = 13 + g. Suppose q = u - 5*u + 3052. Is u prime?
False
Let o(d) = 284*d + 179. Is o(6) prime?
False
Suppose -5*x - 114 = -4*j - 4, 3*j = 0. Let k be x/(-55) - (-1404)/(-10). Let s = -7 - k. Is s composite?
True
Suppose -5*t + 6 = 31. Let j(u) = 11*u. Let h be j(t). Let z = -33 - h. Is z composite?
True
Let b = 41345 + -17028. Is b a prime number?
True
Let a(j) = j**3 - 30*j**2 - 41*j - 107. Is a(35) prime?
True
Let a(y) = y + 3. Let p be a(0). Suppose -3*k + 4*i - p = -19, -5*k = -4*i - 24. Suppose -u = k*u - 635. Is u a prime number?
True
Let j be (37/(-6))/((-7)/42). Is (j - 2) + 2/1 prime?
True
Suppose -5*x - 2*u + 30 = 0, -5*x - 2*u + u = -30. Suppose l + 4*l - 120 = 0. Is (-1314)/l*(-16)/x composite?
True
Suppose 6*h = 3*h - 87. Let x = -26 - h. Suppose -385 = -3*d + 4*y, -x*d + 5*y = -168 - 218. Is d composite?
False
Let j = -75 - -77. Suppose -5*i = 5*m - 1555, -192 - 406 = -j*i + 4*m. Is i a composite number?
False
Suppose 0 = -10*y + 8*y + 247